9?
203
What is the remainder when 343856 is divided by 65?
6
Calculate the remainder when 87866 is divided by 29262.
80
What is the remainder when 1047369 is divided by 39?
24
What is the remainder when 3289611 is divided by 61?
3
Calculate the remainder when 11861346 is divided by 2965332.
18
What is the remainder when 577934 is divided by 212?
22
What is the remainder when 18392831 is divided by 268?
259
Calculate the remainder when 6522319 is divided by 208.
63
What is the remainder when 227044 is divided by 2551?
5
Calculate the remainder when 22580 is divided by 3998.
2590
What is the remainder when 204614 is divided by 35?
4
Calculate the remainder when 97380 is divided by 19475.
5
What is the remainder when 21091 is divided by 8?
3
Calculate the remainder when 462988 is divided by 1265.
1263
What is the remainder when 65058808 is divided by 2093?
2089
Calculate the remainder when 755629 is divided by 35907.
1582
Calculate the remainder when 944069 is divided by 472024.
21
Calculate the remainder when 1874359 is divided by 7265.
7254
Calculate the remainder when 3967021 is divided by 159.
130
What is the remainder when 92201 is divided by 1004?
837
What is the remainder when 34180 is divided by 206?
190
Calculate the remainder when 705009 is divided by 202.
29
Calculate the remainder when 2860298 is divided by 21834.
44
What is the remainder when 3559088 is divided by 168?
8
Calculate the remainder when 107500162 is divided by 121.
11
What is the remainder when 10505 is divided by 3486?
47
What is the remainder when 528227 is divided by 168?
35
What is the remainder when 235207079 is divided by 30?
29
Calculate the remainder when 1084385 is divided by 390.
185
Calculate the remainder when 13114933 is divided by 262.
261
What is the remainder when 8936593 is divided by 112?
1
Calculate the remainder when 7205625 is divided by 59.
14
What is the remainder when 26513931 is divided by 4900?
31
What is the remainder when 63967797 is divided by 40?
37
What is the remainder when 221177 is divided by 3283?
1216
Calculate the remainder when 16342615 is divided by 8.
7
What is the remainder when 7287284 is divided by 86?
74
Calculate the remainder when 751506 is divided by 62625.
6
What is the remainder when 3568216 is divided by 5802?
5788
What is the remainder when 6804694 is divided by 11938?
34
Calculate the remainder when 748066 is divided by 51.
49
What is the remainder when 1798634 is divided by 42?
26
Calculate the remainder when 26187 is divided by 12994.
199
What is the remainder when 10232879 is divided by 840?
839
Calculate the remainder when 12237 is divided by 12066.
171
What is the remainder when 2707150 is divided by 15558?
58
What is the remainder when 127489 is divided by 12719?
299
What is the remainder when 5184886 is divided by 1120?
406
What is the remainder when 115179 is divided by 6134?
4767
What is the remainder when 838204 is divided by 1300?
1004
What is the remainder when 120260 is divided by 3164?
28
What is the remainder when 9520865 is divided by 1949?
0
What is the remainder when 135171 is divided by 156?
75
What is the remainder when 375813 is divided by 41728?
261
What is the remainder when 291218128 is divided by 32?
16
Calculate the remainder when 1153031 is divided by 332.
327
Calculate the remainder when 1908061 is divided by 10780.
1
Calculate the remainder when 27574916 is divided by 74126.
44
What is the remainder when 1022646 is divided by 23781?
63
What is the remainder when 17436732 is divided by 14?
12
Calculate the remainder when 5212642 is divided by 258.
10
What is the remainder when 347003 is divided by 3813?
20
Calculate the remainder when 6875689 is divided by 3938.
3879
Calculate the remainder when 107034 is divided by 497.
179
Calculate the remainder when 74776 is divided by 12394.
412
Calculate the remainder when 32934258 is divided by 1031.
1025
What is the remainder when 467626 is divided by 503?
339
Calculate the remainder when 122136857 is divided by 10710.
17
What is the remainder when 4600 is divided by 754?
76
Calculate the remainder when 1268282 is divided by 2769.
80
What is the remainder when 56514 is divided by 1288?
1130
What is the remainder when 182963 is divided by 55?
33
What is the remainder when 1212 is divided by 63?
15
Calculate the remainder when 1587588 is divided by 520.
28
What is the remainder when 616729 is divided by 10603?
1755
What is the remainder when 108907 is divided by 26627?
2399
Calculate the remainder when 2503773 is divided by 625918.
101
What is the remainder when 460374 is divided by 132?
90
What is the remainder when 69841 is divided by 2799?
2665
Calculate the remainder when 16260768 is divided by 4065192.
0
What is the remainder when 323207 is divided by 11951?
530
What is the remainder when 1720204035 is divided by 42?
39
Calculate the remainder when 1923442 is divided by 137.
99
What is the remainder when 291645 is divided by 552?
189
Calculate the remainder when 5862458 is divided by 1112.
1106
What is the remainder when 1734491 is divided by 6?
5
Calculate the remainder when 2677352 is divided by 669329.
36
What is the remainder when 88335 is divided by 185?
90
Calculate the remainder when 2053117 is divided by 6987.
5926
What is the remainder when 211450 is divided by 52710?
610
What is the remainder when 11436716 is divided by 121667?
18
What is the remainder when 6791848 is divided by 405?
403
What is the remainder when 39085511 is divided by 126901?
3
Calculate the remainder when 196951 is divided by 1060.
851
Calculate the remainder when 23905675 is divided by 45448.
27
Calculate the remainder when 279348 is divided by 408.
276
What is the remainder when 531798198 is divided by 209?
206
Calculate the remainder when 35476754 is divided by 56.
26
Calculate the remainder when 32529 is divided by 32473.
56
What is the remainder when 1018661 is divided by 2553?
14
What is the remainder when 12156 is divided by 1278?
654
Calculate the remainder when 2191713 is divided by 10492.
9377
Calculate the remainder when 26061747 is divided by 110.
107
What is the remainder when 270277 is divided by 4743?
4669
Calculate the remainder when 16282987 is divided by 5427606.
169
Calculate the remainder when 354155 is divided by 5726.
4869
What is the remainder when 2149721 is divided by 107483?
61
Calculate the remainder when 5519048 is divided by 480.
8
Calculate the remainder when 36814714 is divided by 410.
404
Calculate the remainder when 7283 is divided by 943.
682
What is the remainder when 18752913 is divided by 2156?
25
What is the remainder when 1133163 is divided by 121?
119
What is the remainder when 280582347 is divided by 1310?
1307
Calculate the remainder when 74671917 is divided by 592.
589
Calculate the remainder when 14571 is divided by 634.
623
Calculate the remainder when 2304064 is divided by 16576.
0
Calculate the remainder when 37132224 is divided by 66.
30
What is the remainder when 1212779 is divided by 638?
579
Calculate the remainder when 43992 is divided by 43988.
4
Calculate the remainder when 4302013 is divided by 11950.
13
What is the remainder when 40458158 is divided by 16?
14
What is the remainder when 319082 is divided by 8368?
1098
What is the remainder when 18207222 is divided by 1655200?
22
What is the remainder when 242838 is divided by 4761?
27
Calculate the remainder when 347082 is divided by 2755.
2707
Calculate the remainder when 2672457 is divided by 41.
36
What is the remainder when 61845832 is divided by 12369156?
52
What is the remainder when 12674383 is divided by 1287?
7
What is the remainder when 30647333 is divided by 331?
43
Calculate the remainder when 97780 is divided by 47363.
3054
Calculate the remainder when 157052 is divided by 52329.
65
What is the remainder when 1712353 is divided by 45?
13
Calculate the remainder when 1666738 is divided by 2792.
2706
What is the remainder when 9309593 is divided by 79?
75
Calculate the remainder when 7453321 is divided by 108019.
10
Calculate the remainder when 20630693 is divided by 150.
143
What is the remainder when 1581275 is divided by 395290?
115
Calculate the remainder when 1132899 is divided by 21.
12
Calculate the remainder when 132082205 is divided by 1232